{"id":14,"date":"2019-10-20T00:10:41","date_gmt":"2019-10-20T03:10:41","guid":{"rendered":"http:\/\/celpadefumados.com.br\/home\/?page_id=14"},"modified":"2021-11-12T09:45:57","modified_gmt":"2021-11-12T12:45:57","slug":"qualidade","status":"publish","type":"page","link":"https:\/\/celpadefumados.com.br\/home\/qualidade\/","title":{"rendered":"Qualidade"},"content":{"rendered":"<p>[vc_row][vc_column][vc_empty_space height=&#8221;55px&#8221;][vc_column_text]A mais de vinte anos no mercado, somos uma empresa preocupada com a qualidade de nossos produtos.<\/p>\n<p>A Celpa Alimentos \u00e9 uma empresa habilitada a comercializar seus produtos em todo o estado de Santa Catarina, empresa cadastrada no SIE (Servi\u00e7o de Inspe\u00e7\u00e3o Estadual), na qual passa por rigorosos controles de qualidade, atrav\u00e9s de supervis\u00f5es constantes de profissionais do estado e particulares (m\u00e9dicos veterin\u00e1rios), garantindo assim qualidade absoluta de seus produtos.<\/p>\n<p>A qualidade final dos nossos produtos \u00e9 verificada atrav\u00e9s das an\u00e1lises microbiol\u00f3gicas realizada em laborat\u00f3rios terceirizados pela empresa e em laborat\u00f3rios credenciados pelo Cidasc.<\/p>\n<p>Trabalhamos com fornecedores de qualidade e certifica\u00e7\u00e3o. Toda a carne su\u00edna e bovina que recebemos s\u00e3o inspecionadas pelo SIF (Servi\u00e7o de Inspe\u00e7\u00e3o Federal).<\/p>\n<p>Em todos esses anos, a Celpa vem trabalhando para oferecer produtos que levam praticidade, confian\u00e7a e inova\u00e7\u00e3o para a sua mesa, sempre com o sabor e a qualidade que v\u00e3o surpreender a toda fam\u00edlia.<\/p>\n<p>Atendemos Supermercados, Restaurantes, Padarias, Cozinhas Industriais, Hospitais, entre outros. Por onde sempre passamos por vistorias constantes de qualidade. Acreditamos que a transpar\u00eancia e um bom relacionamento abre portas para neg\u00f3cios duradores.<\/p>\n<p>Nosso portf\u00f3lio completo oferece tudo o que \u00e9 necess\u00e1rio para o grande almo\u00e7o em fam\u00edlia, at\u00e9 aquele churrasco com amigos no fim de semana.[\/vc_column_text][\/vc_column][\/vc_row]<\/p>\n","protected":false},"excerpt":{"rendered":"<p>[vc_row][vc_column][vc_empty_space height=&#8221;55px&#8221;][vc_column_text]A mais de vinte anos no mercado, somos uma empresa preocupada com a qualidade de nossos produtos. A Celpa Alimentos \u00e9 uma empresa habilitada a comercializar seus produtos em todo o estado de Santa Catarina, empresa cadastrada no SIE (Servi\u00e7o de Inspe\u00e7\u00e3o Estadual), na qual passa por rigorosos controles de qualidade, atrav\u00e9s de supervis\u00f5es&hellip;<\/p>\n","protected":false},"author":1,"featured_media":0,"parent":0,"menu_order":0,"comment_status":"closed","ping_status":"closed","template":"","meta":{"_joinchat":[],"footnotes":""},"_links":{"self":[{"href":"https:\/\/celpadefumados.com.br\/home\/wp-json\/wp\/v2\/pages\/14"}],"collection":[{"href":"https:\/\/celpadefumados.com.br\/home\/wp-json\/wp\/v2\/pages"}],"about":[{"href":"https:\/\/celpadefumados.com.br\/home\/wp-json\/wp\/v2\/types\/page"}],"author":[{"embeddable":true,"href":"https:\/\/celpadefumados.com.br\/home\/wp-json\/wp\/v2\/users\/1"}],"replies":[{"embeddable":true,"href":"https:\/\/celpadefumados.com.br\/home\/wp-json\/wp\/v2\/comments?post=14"}],"version-history":[{"count":6,"href":"https:\/\/celpadefumados.com.br\/home\/wp-json\/wp\/v2\/pages\/14\/revisions"}],"predecessor-version":[{"id":472,"href":"https:\/\/celpadefumados.com.br\/home\/wp-json\/wp\/v2\/pages\/14\/revisions\/472"}],"wp:attachment":[{"href":"https:\/\/celpadefumados.com.br\/home\/wp-json\/wp\/v2\/media?parent=14"}],"curies":[{"name":"wp","href":"https:\/\/api.w.org\/{rel}","templated":true}]}}